prime factors of s?
2
Let j(m) = -m**3 + 8*m**2 - 4*m - 7. Let u be (-1)/(-3) + 40/6. What are the prime factors of j(u)?
2, 7
Let d(v) be the first derivative of 5*v**3/3 - 2*v**2 - 9*v - 1. Let t(p) = p**2 - p - 2. Let b(l) = 2*d(l) - 9*t(l). List the prime factors of b(-3).
2, 3
Suppose 0*w - 2*f + 6 = 3*w, 4*w - f - 8 = 0. Suppose 4*a - 8 = -2*n, -w*n + 7*n + 5*a = 25. List the prime factors of (16/3)/(2/n).
2
Suppose 2*o - 1438 = -4*f, 4*o + 1051 = -11*f + 14*f. List the prime factors of f.
3, 7, 17
Let d(a) = -a**2 - 7*a + 3. Let x be d(-4). Let v = -1 + x. What are the prime factors of v?
2, 7
Let g = -69 - -117. List the prime factors of g.
2, 3
Let f be 2/2 - 35/5. What are the prime factors of f/(-4)*28/6?
7
Let y(r) = -93*r**3 + r**2 + r - 1. List the prime factors of y(-1).
2, 23
Let f = -105 - -190. What are the prime factors of f?
5, 17
Let a be ((-32)/20)/4*-75. Suppose -s = -3*k - 46, -5*s + 3*k - a + 212 = 0. What are the prime factors of s?
2, 17
Let n(l) = 12*l + 4. Suppose -5*r + 0*q + q + 30 = 0, 3*r - 18 = -4*q. Let w(f) = 11*f + 3. Let y(k) = r*w(k) - 5*n(k). What are the prime factors of y(2)?
2, 5
Let l(w) = 9*w**2 + w + 1. Let o be l(-1). Let t = o - 5. Suppose 2 = -x + 5*i, 4*x + x - t*i - 32 = 0. What are the prime factors of x?
2
List the prime factors of (-4)/(-6) - 182/(-6).
31
Let q = 6 + -6. Let x(s) = -2*s + 15. List the prime factors of x(q).
3, 5
Let k be (-1)/2*(-24)/6. Suppose 0*z + 36 = k*z. List the prime factors of z.
2, 3
Suppose 60 = -4*g + 9*g. List the prime factors of g.
2, 3
Suppose 9*x - 10*x + 56 = 0. What are the prime factors of x?
2, 7
Suppose v - 32 = -3*v. List the prime factors of v.
2
Suppose 4*a + 2*r = 178, 252 = 4*a + 5*r + 65. List the prime factors of a.
43
Let u = 52 + -17. Suppose 0 = 5*c - u - 45. List the prime factors of c.
2
Let d(i) = i**3 + 6*i**2 + 6*i + 3. Let t be (-6 + 9)/((-6)/8). List the prime factors of d(t).
11
Let s(c) = 4*c - 7 - 2 + 2 + 3. List the prime factors of s(5).
2
Let t(g) = g - 2. Let y be t(3). Let b be -10*((-7)/(-5) + -2). Let p = b - y. What are the prime factors of p?
5
List the prime factors of (-1)/(-2)*(-480)/(-8).
2, 3, 5
Let x be -3 + 2 - (-46 - -3). Let k be (-1)/2 + x/4. Let u = k + 2. List the prime factors of u.
2, 3
Suppose 32*s - 6600 = 7*s. What are the prime factors of s?
2, 3, 11
Suppose 3*q = 45 + 24. List the prime factors of q.
23
List the prime factors of 2/(36/597) + (-8)/48.
3, 11
Let t(l) = 4*l + 1. Suppose -n - 3*j = -0*j - 7, -n = -5*j + 9. Let p be t(n). Suppose 4*f + 4*z = -f + 106, p*z = -5. What are the prime factors of f?
2, 11
Let v(w) = -3*w - 9. Suppose -3*p - 6 = 3. Let a be (7/(-3))/((-1)/p). List the prime factors of v(a).
2, 3
Let l = 20 + -36. Let q = l + 19. What are the prime factors of q?
3
Let f(o) = -o**3 + 5*o**2 - 2*o - 4. Let y be f(4). Suppose 2*s = -2*i + 5*s + 60, 5*s - 120 = -y*i. List the prime factors of i.
2, 3, 5
Let f = 44 - 21. List the prime factors of f.
23
Let c = 143 + -64. List the prime factors of c.
79
Suppose a - 4*a + 15 = 0, 3*a + 75 = 3*k. What are the prime factors of k?
2, 3, 5
List the prime factors of 1/2*(40 + -2).
19
Let c = -1 - -2. Let s(i) = i**3 + i**2 - i. Let d be s(-2). What are the prime factors of d + 4 - (c - 1)?
2
Let t(f) = 4*f**2 - 4*f + 17. What are the prime factors of t(4)?
5, 13
Suppose 12 = 2*g + 2. Suppose -g*u = -u - 36. List the prime factors of u.
3
Suppose -4*x = -8, -4 = u - 4*x - 1. List the prime factors of u.
5
Suppose v = 9 - 3. What are the prime factors of 7/(7/(-2)) + v?
2
Suppose 109 = 5*b + 4*j + 16, -4*b + 5*j + 58 = 0. What are the prime factors of b?
17
Suppose -12*k + 9*k + 120 = 0. Let g = k + -24. What are the prime factors of g?
2
Let z(m) = 2*m + 2. Let b be z(2). Let d = 9 + b. List the prime factors of d.
3, 5
Let m = 7 + 3. Suppose 5*l - m - 45 = 0. What are the prime factors of l?
11
Let p = 59 + -36. What are the prime factors of p?
23
Let o(c) = 3*c - 28. What are the prime factors of o(13)?
11
Let o be 0/(((-4)/(-1))/(-4)). Suppose 4*t - 4*p - 132 = o, 16 - 141 = -5*t - 3*p. List the prime factors of t.
2, 7
Suppose -t = -5*t + 24. Let d = t - -23. What are the prime factors of d?
29
Let z(r) = 9*r + 24. List the prime factors of z(6).
2, 3, 13
What are the prime factors of -4 - -1 - (-6 + 3) - -75?
3, 5
Let o(s) = -10*s + 4. What are the prime factors of o(-3)?
2, 17
Suppose -16 = 2*h + 4*y, -2*h = h - 4*y - 16. Suppose 3*x = -h*x + 27. List the prime factors of x.
3
Suppose 31 = 5*z - 24. Let k(n) = -n + 15. What are the prime factors of k(z)?
2
Let z(j) be the second derivative of j**2 - 1/2*j**3 + 0 + 2*j. List the prime factors of z(-2).
2
Let j(c) be the second derivative of -9*c**5/10 - c**4/12 - c**3/6 - 6*c. What are the prime factors of j(-1)?
2, 3
Let t(c) = -2*c - 10. Let u be t(-6). Suppose 12 = h - u*f, 0*h = h + f - 3. List the prime factors of h.
2, 3
Let g(o) = -32*o**2 + o. Let b be g(-1). What are the prime factors of ((-121)/b)/((-1)/(-3))?
11
Suppose -2*r - r + 12 = 0. Suppose -3*m = -m + 2. Let x = r + m. What are the prime factors of x?
3
Suppose 2*f - 25 = -m, -110 = -4*m - 5*f - 4. List the prime factors of m.
29
Let p be 40/(-18) - 2/(-9). Let c be 0/(p/2 + -1). Suppose f - 1 = -a, c = 5*a - 4*f + 7*f - 9. List the prime factors of a.
3
What are the prime factors of 68 + (6/(-2) - -3)?
2, 17
Suppose -7*a + 6*a - 33 = 0. Let g = -5 - a. List the prime factors of g.
2, 7
Let d = 29 + -21. Suppose -2*m - 2*m - d = 0. What are the prime factors of 5*m/(-2)*3?
3, 5
What are the prime factors of (-2)/(-7) + 2825/35 + 4?
5, 17
Suppose -4 = -3*o + 8. Suppose o*u = j - 44, 0 = j + 2*j + 2*u - 118. Suppose 3*c + 2*c - j = 0. What are the prime factors of c?
2
Let d(s) = -3*s + 5. List the prime factors of d(-19).
2, 31
Let l be (2 + 8)*(-21)/6. What are the prime factors of ((-88)/(-10))/((-14)/l)?
2, 11
Suppose -2*r - 10 = -30. What are the prime factors of ((-48)/r)/(-2)*5?
2, 3
Let k = -11 - -16. Suppose -k*i = -4*w + 86, w - 11 = -0*i - 4*i. List the prime factors of w.
19
List the prime factors of 429/7 - (-16)/(-56).
61
Suppose -3*t = 4*g + 3 + 4, -3*g = -3*t - 21. Suppose -i - 32 = -4*i + g*r, 4*i = 2*r + 42. What are the prime factors of i?
2, 5
Let v = 107 - -241. List the prime factors of v.
2, 3, 29
What are the prime factors of (-105)/175 + (-426)/(-10)?
2, 3, 7
Let c(w) = -w**3 + 7*w**2 - 7*w + 8. Let h be c(6). Suppose i + 3*q - 17 = 31, -2*i - h*q + 92 = 0. Let x = i + -26. What are the prime factors of x?
19
Let n = -39 - -165. List the prime factors of n.
2, 3, 7
Let v = -70 - -181. What are the prime factors of v?
3, 37
Let u(d) = d**3 - 6*d**2 - 6*d - 4. Let p be u(7). Suppose 3*f + 1 = -2*m + p*m, 3*m - 23 = 4*f. What are the prime factors of m?
13
Suppose 5*l = -0*l + 500. List the prime factors of l.
2, 5
Let k(i) be the third derivative of i**6/120 - i**5/15 - i**4/6 - i**3/2 + i**2. Let f be k(5). Suppose -r + 15 = -f. List the prime factors of r.
17
What are the prime factors of (-393)/(-2)*(-3)/((-18)/4)?
131
Suppose -3*j - 219 = 2*g - 1046, -j = -g - 279. What are the prime factors of j?
277
Let h = -6 - -16. What are the prime factors of h?
2, 5
Suppose 2*c - 2*r - 90 = 0, 2*r = -4*c + 2*c + 70. Let f = c - 14. List the prime factors of f.
2, 13
Let z = 51 + -44. List the prime factors of z.
7
Let b(g) = -11*g + 3. Let y be b(-4). Suppose 77 = 2*s - 3*i, -y = -3*s + s - 3*i. What are the prime factors of s?
31
Suppose 5*n + 1719 = 14*n. List the prime factors of n.
191
Let g(p) = p**2 + 4*p - 15. List the prime factors of g(-7).
2, 3
Let g(y) = -y**2 - 9*y + 4. Suppose -2*n = -4*n - 10. What are the prime factors of g(n)?
2, 3
Let b(n) = 89*n**3 - n**2 + n. List the prime factors of b(1).
89
Suppose 6 = -b + 4*b. Suppose -16 = -t - b. What are the prime factors of t?
2, 7
What are the prime factors of (-236)/(-8) - 9/6?
2, 7
Let q = -10 + 13. List the prime factors of 6/2 + q + 0.
2, 3
Suppose -6*m + 689 = -247. List the prime factors of m.
2, 3, 13
Suppose 0 = -n - 0*n - 6. Let d(l) = -4*l + 8. Let i be d(n). Suppose 3*s = -b + i, -2*b + 27 = 2*s + 7. What are the prime factors of s?
11
Suppose -17*n - 100 = -19*n. List the prime factors of n.
2, 5
Let b = -5 + 8. Suppose -b*m - 3*x 